{"id":1048,"date":"2020-04-18T19:59:08","date_gmt":"2020-04-18T19:59:08","guid":{"rendered":"https:\/\/theboxbody.art\/?post_type=product&#038;p=1048"},"modified":"2020-04-19T03:07:27","modified_gmt":"2020-04-19T03:07:27","slug":"labret-acrylique-transparent","status":"publish","type":"product","link":"https:\/\/theboxbody.art\/index.php\/produit\/labret-acrylique-transparent\/","title":{"rendered":"Labret Acrylique transparent"},"content":{"rendered":"","protected":false},"excerpt":{"rendered":"<p>Vous recherchez la discr\u00e9tion ? Le bijou de labret en Acrylique transparent est la solution si vous devez vous fondre dans la masse lors d&rsquo;un \u00e9v\u00e9nement ou si vous devez enlever votre bijou m\u00e9tallique pour des raisons m\u00e9dicales.<\/p>\n","protected":false},"featured_media":1049,"template":"","meta":[],"product_brand":[],"product_cat":[53,44],"product_tag":[],"class_list":{"0":"post-1048","1":"product","2":"type-product","3":"status-publish","4":"has-post-thumbnail","6":"product_cat-bijoux-de-labret","7":"product_cat-bijoux-de-piercing","9":"first","10":"instock","11":"shipping-taxable","12":"purchasable","13":"product-type-simple"},"exclude_global_add_ons":[],"addons":[],"aioseo_notices":[],"_links":{"self":[{"href":"https:\/\/theboxbody.art\/index.php\/wp-json\/wp\/v2\/product\/1048","targetHints":{"allow":["GET"]}}],"collection":[{"href":"https:\/\/theboxbody.art\/index.php\/wp-json\/wp\/v2\/product"}],"about":[{"href":"https:\/\/theboxbody.art\/index.php\/wp-json\/wp\/v2\/types\/product"}],"version-history":[{"count":5,"href":"https:\/\/theboxbody.art\/index.php\/wp-json\/wp\/v2\/product\/1048\/revisions"}],"predecessor-version":[{"id":1068,"href":"https:\/\/theboxbody.art\/index.php\/wp-json\/wp\/v2\/product\/1048\/revisions\/1068"}],"wp:featuredmedia":[{"embeddable":true,"href":"https:\/\/theboxbody.art\/index.php\/wp-json\/wp\/v2\/media\/1049"}],"wp:attachment":[{"href":"https:\/\/theboxbody.art\/index.php\/wp-json\/wp\/v2\/media?parent=1048"}],"wp:term":[{"taxonomy":"product_brand","embeddable":true,"href":"https:\/\/theboxbody.art\/index.php\/wp-json\/wp\/v2\/product_brand?post=1048"},{"taxonomy":"product_cat","embeddable":true,"href":"https:\/\/theboxbody.art\/index.php\/wp-json\/wp\/v2\/product_cat?post=1048"},{"taxonomy":"product_tag","embeddable":true,"href":"https:\/\/theboxbody.art\/index.php\/wp-json\/wp\/v2\/product_tag?post=1048"}],"curies":[{"name":"wp","href":"https:\/\/api.w.org\/{rel}","templated":true}]}}