{"id":459,"date":"2020-03-11T15:29:34","date_gmt":"2020-03-11T15:29:34","guid":{"rendered":"https:\/\/theboxbody.art\/?post_type=product&#038;p=459"},"modified":"2021-09-22T16:17:26","modified_gmt":"2021-09-22T16:17:26","slug":"surface","status":"publish","type":"product","link":"https:\/\/theboxbody.art\/index.php\/produit\/surface\/","title":{"rendered":"Surface"},"content":{"rendered":"<p>Les piercings de surface sont diff\u00e9rents de la plupart des piercings. Un bon piercing de surface est r\u00e9alis\u00e9 \u00e0 l&rsquo;aide d&rsquo;un barbell, en forme d&rsquo;agrafe, avec deux angles de 90 degr\u00e9s, un \u00e0 chaque extr\u00e9mit\u00e9. Avec la forme d&rsquo;un halt\u00e8re, il devient plus difficile pour le corps de pousser le bijou vers l&rsquo;ext\u00e9rieur. Avec des bijoux inad\u00e9quats, la gu\u00e9rison est plus difficile.<\/p>\n<p>Seuls les perceurs qualifi\u00e9s pratiquent ce type de piercing car les taux de rejet sont tr\u00e8s \u00e9lev\u00e9s.<\/p>\n<p>Comme les piercings de surface sont tr\u00e8s sensibles m\u00eame une fois cicatris\u00e9s, si vous les heurtez plusieurs ann\u00e9es apr\u00e8s les faits vous pouvez inviter le processus de migration et de rejet \u00e0 recommencer. Vous ne voulez pas que votre piercing commence \u00e0 rejeter parce que ce processus est difficile \u00e0 inverser. Ainsi les piercings de surface demande une grande attention au quotidien pour pouvoir \u00eatre gard\u00e9 le plus longtemps possible<\/p>\n","protected":false},"excerpt":{"rendered":"<div class=\"woocommerce-product-details__short-description\">\n<p>Nous vous proposons les piercing de surface sans rendez-vous du Lundi au Samedi \u00e0 The Box Fort-de-France ou Trinit\u00e9.<\/p>\n<p>Ce piercing peut \u00eatre r\u00e9alis\u00e9 sur le visage (devant l&rsquo;oreille, pr\u00e8s des yeux), le corps (sur le sternum, le dos ou encore le cou), ainsi que sur la langue.<\/p>\n<p>Le piercing de surface n&rsquo;a pas vocation \u00e0 \u00eatre remplac\u00e9 une fois pos\u00e9. Ainsi pour agr\u00e9menter votre bijou vous devrez changer les boules et pas la barre qui ne doit \u00eatre enlev\u00e9e sous aucun pr\u00e9texte sauf urgence.<\/p>\n<\/div>\n","protected":false},"featured_media":581,"template":"","meta":[],"product_brand":[],"product_cat":[27],"product_tag":[],"class_list":{"0":"post-459","1":"product","2":"type-product","3":"status-publish","4":"has-post-thumbnail","6":"product_cat-piercing","8":"first","9":"instock","10":"shipping-taxable","11":"purchasable","12":"product-type-simple"},"exclude_global_add_ons":false,"addons":[{"name":"Bijoux","type":"checkbox","position":0,"required":false,"title_format":"label","default":"","description_enable":false,"description":"Pour 5\u20ac de plus repartez avec 6 bijoux lors de votre acte de piercing !","placeholder_enable":false,"placeholder":"","display":"select","restrictions_type":"any_text","adjust_price":false,"price":"","price_type":"flat_fee","restrictions":false,"min":"0","max":"0","options":[{"label":"6 bijoux","price":"5","price_type":"flat_fee","image":0}]},{"name":"Option","type":"checkbox","position":0,"required":false,"title_format":"label","default":"","description_enable":false,"description":"Remplacez les billes de votre bijou m\u00e9dical par des billes en titane plaqu\u00e9 or !","placeholder_enable":false,"placeholder":"","display":"select","restrictions_type":"any_text","adjust_price":false,"price":"","price_type":"flat_fee","restrictions":false,"min":"0","max":"0","options":[{"label":"Billes Titane-Or","price":"5","price_type":"flat_fee","image":0}]}],"aioseo_notices":[],"_links":{"self":[{"href":"https:\/\/theboxbody.art\/index.php\/wp-json\/wp\/v2\/product\/459","targetHints":{"allow":["GET"]}}],"collection":[{"href":"https:\/\/theboxbody.art\/index.php\/wp-json\/wp\/v2\/product"}],"about":[{"href":"https:\/\/theboxbody.art\/index.php\/wp-json\/wp\/v2\/types\/product"}],"version-history":[{"count":8,"href":"https:\/\/theboxbody.art\/index.php\/wp-json\/wp\/v2\/product\/459\/revisions"}],"predecessor-version":[{"id":1399,"href":"https:\/\/theboxbody.art\/index.php\/wp-json\/wp\/v2\/product\/459\/revisions\/1399"}],"wp:featuredmedia":[{"embeddable":true,"href":"https:\/\/theboxbody.art\/index.php\/wp-json\/wp\/v2\/media\/581"}],"wp:attachment":[{"href":"https:\/\/theboxbody.art\/index.php\/wp-json\/wp\/v2\/media?parent=459"}],"wp:term":[{"taxonomy":"product_brand","embeddable":true,"href":"https:\/\/theboxbody.art\/index.php\/wp-json\/wp\/v2\/product_brand?post=459"},{"taxonomy":"product_cat","embeddable":true,"href":"https:\/\/theboxbody.art\/index.php\/wp-json\/wp\/v2\/product_cat?post=459"},{"taxonomy":"product_tag","embeddable":true,"href":"https:\/\/theboxbody.art\/index.php\/wp-json\/wp\/v2\/product_tag?post=459"}],"curies":[{"name":"wp","href":"https:\/\/api.w.org\/{rel}","templated":true}]}}