{"id":736,"date":"2020-04-08T21:19:08","date_gmt":"2020-04-08T21:19:08","guid":{"rendered":"https:\/\/theboxbody.art\/?post_type=product&#038;p=736"},"modified":"2021-08-18T23:29:55","modified_gmt":"2021-08-18T23:29:55","slug":"tiana-green","status":"publish","type":"product","link":"https:\/\/theboxbody.art\/index.php\/produit\/tiana-green\/","title":{"rendered":"Tiana Green"},"content":{"rendered":"<p>Con\u00e7ues afin d\u2019apporter un r\u00e9sultat aussi naturel que possible, nos lentilles de couleurs sont fabriqu\u00e9es selon les normes C.E \u00e0 l\u2019aide de technologies \u00e9prouv\u00e9es.<\/p>\n<p>Vendues par paire, les lentilles sont emball\u00e9es dans des blisters individuels remplis d\u2019une solution saline st\u00e9rile. Afin de conserver les lentilles durant un mois il est n\u00e9cessaire d\u2019utiliser une solution d\u2019entretien pour lentilles afin de les d\u00e9sinfecter et de les garder humides. <strong>Le s\u00e9rum physiologique ne d\u00e9sinfecte pas les lentilles.<\/strong><\/p>\n","protected":false},"excerpt":{"rendered":"<p>Sublimez votre regard avec nos lentilles aux couleurs naturelles ! Les lentilles Tiana Green habillerons vos yeux d\u2019un vert profond tr\u00e8s discret. Semi-transparentes, elle s\u2019adapteront \u00e0 la couleur de vos yeux pour un r\u00e9sultat unique et r\u00e9aliste.<\/p>\n","protected":false},"featured_media":712,"template":"","meta":[],"product_brand":[],"product_cat":[30,31],"product_tag":[],"class_list":{"0":"post-736","1":"product","2":"type-product","3":"status-publish","4":"has-post-thumbnail","6":"product_cat-lens","7":"product_cat-natural-lenses","9":"first","10":"outofstock","11":"sale","12":"shipping-taxable","13":"purchasable","14":"product-type-simple"},"exclude_global_add_ons":[],"addons":[],"aioseo_notices":[],"_links":{"self":[{"href":"https:\/\/theboxbody.art\/index.php\/wp-json\/wp\/v2\/product\/736","targetHints":{"allow":["GET"]}}],"collection":[{"href":"https:\/\/theboxbody.art\/index.php\/wp-json\/wp\/v2\/product"}],"about":[{"href":"https:\/\/theboxbody.art\/index.php\/wp-json\/wp\/v2\/types\/product"}],"version-history":[{"count":3,"href":"https:\/\/theboxbody.art\/index.php\/wp-json\/wp\/v2\/product\/736\/revisions"}],"predecessor-version":[{"id":828,"href":"https:\/\/theboxbody.art\/index.php\/wp-json\/wp\/v2\/product\/736\/revisions\/828"}],"wp:featuredmedia":[{"embeddable":true,"href":"https:\/\/theboxbody.art\/index.php\/wp-json\/wp\/v2\/media\/712"}],"wp:attachment":[{"href":"https:\/\/theboxbody.art\/index.php\/wp-json\/wp\/v2\/media?parent=736"}],"wp:term":[{"taxonomy":"product_brand","embeddable":true,"href":"https:\/\/theboxbody.art\/index.php\/wp-json\/wp\/v2\/product_brand?post=736"},{"taxonomy":"product_cat","embeddable":true,"href":"https:\/\/theboxbody.art\/index.php\/wp-json\/wp\/v2\/product_cat?post=736"},{"taxonomy":"product_tag","embeddable":true,"href":"https:\/\/theboxbody.art\/index.php\/wp-json\/wp\/v2\/product_tag?post=736"}],"curies":[{"name":"wp","href":"https:\/\/api.w.org\/{rel}","templated":true}]}}